 128 a factor of 8448?
True
Is 3 a factor of 289?
False
Is 325 a multiple of 5?
True
Does 101 divide 9830?
False
Is 6 a factor of 2515?
False
Is 53 a factor of 1058?
False
Is 208 a factor of 28704?
True
Is 7 a factor of 812?
True
Is 661 a multiple of 8?
False
Is 41905 a multiple of 13?
False
Is 2432 a multiple of 38?
True
Is 61 a factor of 1682?
False
Is 11984 a multiple of 28?
True
Is 594 a multiple of 7?
False
Is 20 a factor of 455?
False
Is 233 a factor of 21902?
True
Is 306 a multiple of 17?
True
Does 23 divide 6496?
False
Is 4 a factor of 190?
False
Is 50 a factor of 22743?
False
Does 2 divide 7032?
True
Is 2061 a multiple of 9?
True
Is 13 a factor of 24990?
False
Is 7 a factor of 8855?
True
Does 23 divide 115?
True
Is 353 a multiple of 3?
False
Is 29174 a multiple of 18?
False
Does 74 divide 1303?
False
Does 14 divide 580?
False
Is 174 a factor of 10614?
True
Does 17 divide 21479?
False
Is 2818 a multiple of 2?
True
Does 50 divide 2036?
False
Is 28 a factor of 730?
False
Is 34246 a multiple of 12?
False
Is 221 a multiple of 2?
False
Does 75 divide 2325?
True
Does 15 divide 18367?
False
Does 10 divide 9897?
False
Is 12705 a multiple of 21?
True
Is 1276 a multiple of 30?
False
Does 317 divide 20922?
True
Is 34 a multiple of 34?
True
Does 16 divide 208?
True
Is 6720 a multiple of 84?
True
Is 16 a factor of 41792?
True
Does 71 divide 10991?
False
Does 10 divide 170?
True
Is 1449 a multiple of 7?
True
Is 124 a factor of 4216?
True
Does 7 divide 1249?
False
Is 70 a factor of 5774?
False
Does 3 divide 612?
True
Is 3402 a multiple of 63?
True
Is 10 a factor of 5404?
False
Is 3 a factor of 38?
False
Is 20922 a multiple of 31?
False
Is 19 a factor of 150?
False
Is 34 a factor of 1022?
False
Does 35 divide 2041?
False
Is 205 a multiple of 78?
False
Is 17320 a multiple of 191?
False
Is 468 a multiple of 18?
True
Does 43 divide 731?
True
Is 71 a factor of 639?
True
Is 49 a factor of 1470?
True
Does 56 divide 89545?
False
Is 2042 a multiple of 5?
False
Is 170 a multiple of 5?
True
Does 6 divide 1807?
False
Is 2 a factor of 9399?
False
Does 32 divide 1752?
False
Is 4 a factor of 57?
False
Is 101548 a multiple of 23?
False
Is 30 a factor of 9457?
False
Is 79 a factor of 7844?
False
Does 38 divide 4211?
False
Is 9 a factor of 1179?
True
Does 6 divide 60?
True
Is 12509 a multiple of 7?
True
Is 1560 a multiple of 13?
True
Does 19 divide 1028?
False
Is 9 a factor of 43956?
True
Does 205 divide 6811?
False
Does 62 divide 30668?
False
Is 453 a multiple of 8?
False
Does 65 divide 585?
True
Is 49 a factor of 35606?
False
Is 29 a factor of 4234?
True
Does 23 divide 7268?
True
Is 47 a factor of 42869?
False
Is 80 a factor of 9264?
False
Is 7742 a multiple of 79?
True
Is 22 a factor of 8035?
False
Is 21 a factor of 63?
True
Is 6322 a multiple of 14?
False
Does 16 divide 1504?
True
Is 37 a factor of 4507?
False
Does 32 divide 1111?
False
Does 51 divide 867?
True
Does 4 divide 36143?
False
Is 11 a factor of 36674?
True
Is 67 a factor of 4020?
True
Does 25 divide 805?
False
Is 585 a multiple of 13?
True
Is 11 a factor of 2618?
True
Is 36162 a multiple of 246?
True
Is 3154 a multiple of 19?
True
Does 34 divide 952?
True
Does 53 divide 1908?
True
Is 3128 a multiple of 15?
False
Does 153 divide 16674?
False
Does 20 divide 983?
False
Does 10 divide 8076?
False
Does 5 divide 2353?
False
Is 14 a factor of 16408?
True
Does 7 divide 42?
True
Is 61 a factor of 1459?
False
Is 285 a multiple of 15?
True
Is 40216 a multiple of 20?
False
Is 310 a factor of 86999?
False
Is 15696 a multiple of 41?
False
Does 168 divide 66264?
False
Does 94 divide 14883?
False
Is 17 a factor of 578?
True
Is 3 a factor of 690?
True
Does 12 divide 420?
True
Does 23 divide 575?
True
Is 398 a multiple of 16?
False
Does 23 divide 2714?
True
Does 53 divide 3021?
True
Is 3 a factor of 6507?
True
Is 5 a factor of 100?
True
Is 405 a multiple of 27?
True
Is 24 a factor of 9906?
False
Is 7695 a multiple of 27?
True
Does 10 divide 1899?
False
Is 13168 a multiple of 59?
False
Is 19 a factor of 239?
False
Is 2546 a multiple of 81?
False
Does 2 divide 14?
True
Is 68 a factor of 5440?
True
Is 6 a factor of 87?
False
Is 745 a multiple of 14?
False
Is 6 a factor of 4692?
True
Does 140 divide 81851?
False
Is 253 a multiple of 24?
False
Does 45 divide 900?
True
Does 4 divide 2612?
True
Is 4581 a multiple of 9?
True
Is 600 a multiple of 30?
True
Is 12 a multiple of 3?
True
Is 4352 a multiple of 64?
True
Is 78496 a multiple of 44?
True
Does 22 divide 1232?
True
Is 11 a factor of 73?
False
Is 18118 a multiple of 13?
False
Is 12602 a multiple of 27?
False
Is 95 a factor of 7030?
True
Is 14 a factor of 481?
False
Is 112 a factor of 672?
True
Is 8 a factor of 12084?
False
Is 2583 a multiple of 41?
True
Is 7776 a multiple of 108?
True
Is 54 a factor of 2808?
True
Is 26517 a multiple of 181?
False
Does 85 divide 3174?
False
Does 3 divide 812?
False
Is 93 a factor of 167679?
True
Does 46 divide 12419?
False
Is 78 a factor of 10393?
False
Is 327 a multiple of 2?
False
Does 28 divide 476?
True
Does 175 divide 1575?
True
Is 997 a multiple of 8?
False
Is 5 a factor of 3510?
True
Is 83 a factor of 9252?
False
Is 17 a factor of 23646?
False
Is 43 a multiple of 30?
False
Is 1936 a multiple of 121?
True
Is 39 a factor of 8050?
False
Is 63 a factor of 19721?
False
Is 63 a factor of 882?
True
Does 126 divide 10159?
False
Is 110 a multiple of 9?
False
Is 34 a factor of 2405?
False
Does 10 divide 50?
True
Is 199 a factor of 16010?
False
Is 35708 a multiple of 226?
True
Is 32 a factor of 328?
False
Does 6 divide 20?
False
Is 8058 a multiple of 158?
True
Is 60 a factor of 5880?
True
Is 184 a multiple of 4?
True
Is 236 a multiple of 2?
True
Does 80 divide 30640?
True
Is 27 a factor of 2754?
True
Is 24 a factor of 96?
True
Does 21 divide 58861?
False
Is 2381 a multiple of 4?
False
Does 22 divide 108599?
False
Is 548 a multiple of 5?
False
Does 5 divide 177?
False
Is 7 a factor of 2878?
False
Does 100 divide 32783?
False
Does 3 divide 45?
True
Is 11 a factor of 1373?
False
Does 32 divide 7694?
False
Does 17 divide 3604?
True
Is 20180 a multiple of 134?
False
Is 22443 a multiple of 419?
False
Does 74 divide 3404?
True
Does 4 divide 3508?
True
Does 4 divide 4332?
True
Does 18 divide 4248?
True
Is 30263 a multiple of 53?
True
Is 10 a factor of 14187?
False
Is 35700 a multiple of 204?
True
Is 12 a factor of 2117?
False
Is 43 a factor of 1290?
True
Is 140 a multiple of 7?
True
Is 13 a factor of 51129?
True
Does 51 divide 1173?
True
Is 17 a factor of 10438?
True
Is 133 a factor of 6517?
True
Is 5392 a multiple of 12?
False
Is 22475 a multiple of 29?
True
Does 13 divide 16774?
False
Is 39 a factor of 4485?
True
Is 8 a factor of 96?
True
Is 2095 a multiple of 19?
False
Does 19 divide 342?
True
Is 20549 a multiple of 78?
False
Does 32 divide 6223?
False
Is 22 a factor of 44?
True
Is 46 a factor of 154236?
False
Is 18 a factor of 634?
False
Does 14 divide 266?
True
Is 79900 a multiple of 34?
True
Is 663 a multiple of 51?
True
Is 805 a multiple of 35?
True
Does 6 divide 176?
False
Is 623 a multiple of 16?
False
Is 58 a factor of 94656?
True
Is 700 a multiple of 14?
True
Is 2 a factor of 78?
True
Is 7 a factor of 222?
False
Is 16240 a multiple of 64?
False
Is 38 a factor of 386?
False
Does 32 divide 110?
False
Is 7 a factor of 2198?
True
Does 35 divide 22163?
False
Does 23 divide 1081?
True
Is 55734 a multiple of 21?
True
Is 8037 a multiple of 19?
True
Is 95 a factor of 5415?
True
Does 197 divide 53387?
True
Is 3047 a multiple of 11?
True
Is 93 a factor of 30969?
True
Is 6 a factor of 659?
False
Is 56 a factor of 82045?
False
Is 274 a factor of 43018?
True
Is 6304 a multiple of 30?
False
Is 1766 a multiple of 39?
False
Does 18 divide 3791?
False
Is 8 a factor of 1448?
True
Does 2 divide 1219?
False
Is 3199 a multiple of 25?
False
Does 82 divide 33210?
True
Is 874 a multiple of 38?
True
Does 2 divide 606?
True
Is 1789 a multiple of 65?
False
Does 34 divide 27478?
False
Is 37 a factor of 4900?
False
Does 43 divide 104318?
True
Is 21 a factor of 3654?
True
Does 10 divide 400?
True
Does 160 divide 13920?
True
Does 13 divide 2626?
True
Does 15 divide 66472?
False
Does 7 divide 2691?
False
Is 770 a multiple of 35?
True
Is 167 a factor of 58617?
True
Is 1763